{"id":1289,"date":"2022-05-26T17:26:11","date_gmt":"2022-05-26T17:26:11","guid":{"rendered":"https:\/\/oceanpanel.org\/?post_type=member&#038;p=1289"},"modified":"2024-03-13T15:58:15","modified_gmt":"2024-03-13T15:58:15","slug":"andrew-holness","status":"publish","type":"member","link":"https:\/\/oceanpanel.org\/fr\/member\/andrew-holness\/","title":{"rendered":"Andrew Holness"},"content":{"rendered":"<p>Andrew Michael Holness a \u00e9t\u00e9 \u00e9lu neuvi\u00e8me Premier ministre de la Jama\u00efque en 2016. Il a pr\u00e9c\u00e9demment \u00e9t\u00e9 Premier ministre d&#039;octobre 2011 \u00e0 janvier 2012. Il est le plus jeune Premier ministre de la Jama\u00efque \u00e0 ce jour et le premier \u00e0 \u00eatre n\u00e9 apr\u00e8s l&#039;ind\u00e9pendance nationale.<\/p>\n<p>Holness a \u00e9t\u00e9 \u00e9lu pour la premi\u00e8re fois d\u00e9put\u00e9 du Parti travailliste jama\u00efcain \u00e0 l&#039;\u00e2ge de 25 ans et en est \u00e0 son quatri\u00e8me mandat cons\u00e9cutif. Auparavant, il a \u00e9t\u00e9 porte-parole de l&#039;opposition sur les terres et le d\u00e9veloppement, le logement et l&#039;\u00e9ducation, et ministre de l&#039;\u00c9ducation, o\u00f9 il s&#039;est concentr\u00e9 sur l&#039;am\u00e9lioration de l&#039;alphab\u00e9tisation en Jama\u00efque et a supervis\u00e9 l&#039;introduction du programme d&#039;avancement de carri\u00e8re - un programme de formation technique et professionnelle postsecondaire. pour les jeunes seuls. Il a conserv\u00e9 le portefeuille de l&#039;\u00e9ducation en tant que premier ministre.<\/p>\n<p>Holness est n\u00e9e \u00e0 Spanish Town, Sainte-Catherine. Il a obtenu un BSc en \u00e9tudes de gestion et une ma\u00eetrise en \u00e9tudes du d\u00e9veloppement de l&#039;Universit\u00e9 des Antilles. Avant d&#039;entrer en politique, il a travaill\u00e9 comme directeur ex\u00e9cutif de la Voluntary Organization for Uplifting Children.<\/p>","protected":false},"featured_media":1290,"template":"","class_list":["post-1289","member","type-member","status-publish","has-post-thumbnail","hentry"],"acf":[],"yoast_head":"<!-- This site is optimized with the Yoast SEO plugin v25.9 - https:\/\/yoast.com\/wordpress\/plugins\/seo\/ -->\n<title>Andrew Holness - Ocean Panel<\/title>\n<meta name=\"description\" content=\"Andrew Michael Holness was elected Jamaica\u2019s ninth Prime Minister in 2016. He previously served as Prime Minister from October 2011 to January 2012. He is\" \/>\n<meta name=\"robots\" content=\"index, follow, max-snippet:-1, max-image-preview:large, max-video-preview:-1\" \/>\n<link rel=\"canonical\" href=\"https:\/\/oceanpanel.org\/fr\/member\/andrew-holness\/\" \/>\n<meta property=\"og:locale\" content=\"fr_FR\" \/>\n<meta property=\"og:type\" content=\"article\" \/>\n<meta property=\"og:title\" content=\"Andrew Holness - Ocean Panel\" \/>\n<meta property=\"og:description\" content=\"Andrew Michael Holness was elected Jamaica\u2019s ninth Prime Minister in 2016. He previously served as Prime Minister from October 2011 to January 2012. He is\" \/>\n<meta property=\"og:url\" content=\"https:\/\/oceanpanel.org\/fr\/member\/andrew-holness\/\" \/>\n<meta property=\"og:site_name\" content=\"Ocean Panel\" \/>\n<meta property=\"article:modified_time\" content=\"2024-03-13T15:58:15+00:00\" \/>\n<meta property=\"og:image\" content=\"https:\/\/oceanpanel.org\/wp-content\/uploads\/2022\/05\/OceanPanelMembers-_0008_Andrew-Holness.jpg\" \/>\n\t<meta property=\"og:image:width\" content=\"255\" \/>\n\t<meta property=\"og:image:height\" content=\"255\" \/>\n\t<meta property=\"og:image:type\" content=\"image\/jpeg\" \/>\n<meta name=\"twitter:card\" content=\"summary_large_image\" \/>\n<meta name=\"twitter:image\" content=\"https:\/\/oceanpanel.org\/wp-content\/themes\/wrioceanpanel\/images\/Twitter-Social.jpg\" \/>\n<meta name=\"twitter:label1\" content=\"Est. reading time\" \/>\n\t<meta name=\"twitter:data1\" content=\"1 minute\" \/>\n<script type=\"application\/ld+json\" class=\"yoast-schema-graph\">{\"@context\":\"https:\/\/schema.org\",\"@graph\":[{\"@type\":\"WebPage\",\"@id\":\"https:\/\/oceanpanel.org\/es\/member\/andrew-holness\/\",\"url\":\"https:\/\/oceanpanel.org\/es\/member\/andrew-holness\/\",\"name\":\"Andrew Holness - Ocean Panel\",\"isPartOf\":{\"@id\":\"https:\/\/oceanpanel.org\/zh\/#website\"},\"primaryImageOfPage\":{\"@id\":\"https:\/\/oceanpanel.org\/es\/member\/andrew-holness\/#primaryimage\"},\"image\":{\"@id\":\"https:\/\/oceanpanel.org\/es\/member\/andrew-holness\/#primaryimage\"},\"thumbnailUrl\":\"https:\/\/oceanpanel.org\/wp-content\/uploads\/2022\/05\/OceanPanelMembers-_0008_Andrew-Holness.jpg\",\"datePublished\":\"2022-05-26T17:26:11+00:00\",\"dateModified\":\"2024-03-13T15:58:15+00:00\",\"description\":\"Andrew Michael Holness was elected Jamaica\u2019s ninth Prime Minister in 2016. He previously served as Prime Minister from October 2011 to January 2012. He is\",\"breadcrumb\":{\"@id\":\"https:\/\/oceanpanel.org\/es\/member\/andrew-holness\/#breadcrumb\"},\"inLanguage\":\"fr-FR\",\"potentialAction\":[{\"@type\":\"ReadAction\",\"target\":[\"https:\/\/oceanpanel.org\/es\/member\/andrew-holness\/\"]}]},{\"@type\":\"ImageObject\",\"inLanguage\":\"fr-FR\",\"@id\":\"https:\/\/oceanpanel.org\/es\/member\/andrew-holness\/#primaryimage\",\"url\":\"https:\/\/oceanpanel.org\/wp-content\/uploads\/2022\/05\/OceanPanelMembers-_0008_Andrew-Holness.jpg\",\"contentUrl\":\"https:\/\/oceanpanel.org\/wp-content\/uploads\/2022\/05\/OceanPanelMembers-_0008_Andrew-Holness.jpg\",\"width\":255,\"height\":255,\"caption\":\"Portrait of a man in a suit with a blue tie, against a neutral background featuring a Jamaican flag.\"},{\"@type\":\"BreadcrumbList\",\"@id\":\"https:\/\/oceanpanel.org\/es\/member\/andrew-holness\/#breadcrumb\",\"itemListElement\":[{\"@type\":\"ListItem\",\"position\":1,\"name\":\"Home\",\"item\":\"https:\/\/oceanpanel.org\/\"},{\"@type\":\"ListItem\",\"position\":2,\"name\":\"Andrew Holness\"}]},{\"@type\":\"WebSite\",\"@id\":\"https:\/\/oceanpanel.org\/zh\/#website\",\"url\":\"https:\/\/oceanpanel.org\/zh\/\",\"name\":\"Ocean Panel\",\"description\":\"High level panel for a sustainable ocean economy\",\"publisher\":{\"@id\":\"https:\/\/oceanpanel.org\/zh\/#organization\"},\"potentialAction\":[{\"@type\":\"SearchAction\",\"target\":{\"@type\":\"EntryPoint\",\"urlTemplate\":\"https:\/\/oceanpanel.org\/zh\/?s={search_term_string}\"},\"query-input\":{\"@type\":\"PropertyValueSpecification\",\"valueRequired\":true,\"valueName\":\"search_term_string\"}}],\"inLanguage\":\"fr-FR\"},{\"@type\":\"Organization\",\"@id\":\"https:\/\/oceanpanel.org\/zh\/#organization\",\"name\":\"Ocean Panel\",\"url\":\"https:\/\/oceanpanel.org\/zh\/\",\"logo\":{\"@type\":\"ImageObject\",\"inLanguage\":\"fr-FR\",\"@id\":\"https:\/\/oceanpanel.org\/zh\/#\/schema\/logo\/image\/\",\"url\":\"https:\/\/oceanpanel.org\/wp-content\/uploads\/2024\/02\/logo-2.svg\",\"contentUrl\":\"https:\/\/oceanpanel.org\/wp-content\/uploads\/2024\/02\/logo-2.svg\",\"width\":278,\"height\":84,\"caption\":\"Ocean Panel\"},\"image\":{\"@id\":\"https:\/\/oceanpanel.org\/zh\/#\/schema\/logo\/image\/\"}}]}<\/script>\n<!-- \/ Yoast SEO plugin. -->","yoast_head_json":{"title":"Andrew Holness - Ocean Panel","description":"Andrew Michael Holness was elected Jamaica\u2019s ninth Prime Minister in 2016. He previously served as Prime Minister from October 2011 to January 2012. He is","robots":{"index":"index","follow":"follow","max-snippet":"max-snippet:-1","max-image-preview":"max-image-preview:large","max-video-preview":"max-video-preview:-1"},"canonical":"https:\/\/oceanpanel.org\/fr\/member\/andrew-holness\/","og_locale":"fr_FR","og_type":"article","og_title":"Andrew Holness - Ocean Panel","og_description":"Andrew Michael Holness was elected Jamaica\u2019s ninth Prime Minister in 2016. He previously served as Prime Minister from October 2011 to January 2012. He is","og_url":"https:\/\/oceanpanel.org\/fr\/member\/andrew-holness\/","og_site_name":"Ocean Panel","article_modified_time":"2024-03-13T15:58:15+00:00","og_image":[{"width":255,"height":255,"url":"https:\/\/oceanpanel.org\/wp-content\/uploads\/2022\/05\/OceanPanelMembers-_0008_Andrew-Holness.jpg","type":"image\/jpeg"}],"twitter_card":"summary_large_image","twitter_image":"https:\/\/oceanpanel.org\/wp-content\/themes\/wrioceanpanel\/images\/Twitter-Social.jpg","twitter_misc":{"Est. reading time":"1 minute"},"schema":{"@context":"https:\/\/schema.org","@graph":[{"@type":"WebPage","@id":"https:\/\/oceanpanel.org\/es\/member\/andrew-holness\/","url":"https:\/\/oceanpanel.org\/es\/member\/andrew-holness\/","name":"Andrew Holness - Ocean Panel","isPartOf":{"@id":"https:\/\/oceanpanel.org\/zh\/#website"},"primaryImageOfPage":{"@id":"https:\/\/oceanpanel.org\/es\/member\/andrew-holness\/#primaryimage"},"image":{"@id":"https:\/\/oceanpanel.org\/es\/member\/andrew-holness\/#primaryimage"},"thumbnailUrl":"https:\/\/oceanpanel.org\/wp-content\/uploads\/2022\/05\/OceanPanelMembers-_0008_Andrew-Holness.jpg","datePublished":"2022-05-26T17:26:11+00:00","dateModified":"2024-03-13T15:58:15+00:00","description":"Andrew Michael Holness was elected Jamaica\u2019s ninth Prime Minister in 2016. He previously served as Prime Minister from October 2011 to January 2012. He is","breadcrumb":{"@id":"https:\/\/oceanpanel.org\/es\/member\/andrew-holness\/#breadcrumb"},"inLanguage":"fr-FR","potentialAction":[{"@type":"ReadAction","target":["https:\/\/oceanpanel.org\/es\/member\/andrew-holness\/"]}]},{"@type":"ImageObject","inLanguage":"fr-FR","@id":"https:\/\/oceanpanel.org\/es\/member\/andrew-holness\/#primaryimage","url":"https:\/\/oceanpanel.org\/wp-content\/uploads\/2022\/05\/OceanPanelMembers-_0008_Andrew-Holness.jpg","contentUrl":"https:\/\/oceanpanel.org\/wp-content\/uploads\/2022\/05\/OceanPanelMembers-_0008_Andrew-Holness.jpg","width":255,"height":255,"caption":"Portrait of a man in a suit with a blue tie, against a neutral background featuring a Jamaican flag."},{"@type":"BreadcrumbList","@id":"https:\/\/oceanpanel.org\/es\/member\/andrew-holness\/#breadcrumb","itemListElement":[{"@type":"ListItem","position":1,"name":"Home","item":"https:\/\/oceanpanel.org\/"},{"@type":"ListItem","position":2,"name":"Andrew Holness"}]},{"@type":"WebSite","@id":"https:\/\/oceanpanel.org\/zh\/#website","url":"https:\/\/oceanpanel.org\/zh\/","name":"Panneau Oc\u00e9an","description":"Panel de haut niveau pour une \u00e9conomie oc\u00e9anique durable","publisher":{"@id":"https:\/\/oceanpanel.org\/zh\/#organization"},"potentialAction":[{"@type":"SearchAction","target":{"@type":"EntryPoint","urlTemplate":"https:\/\/oceanpanel.org\/zh\/?s={search_term_string}"},"query-input":{"@type":"PropertyValueSpecification","valueRequired":true,"valueName":"search_term_string"}}],"inLanguage":"fr-FR"},{"@type":"Organization","@id":"https:\/\/oceanpanel.org\/zh\/#organization","name":"Panneau Oc\u00e9an","url":"https:\/\/oceanpanel.org\/zh\/","logo":{"@type":"ImageObject","inLanguage":"fr-FR","@id":"https:\/\/oceanpanel.org\/zh\/#\/schema\/logo\/image\/","url":"https:\/\/oceanpanel.org\/wp-content\/uploads\/2024\/02\/logo-2.svg","contentUrl":"https:\/\/oceanpanel.org\/wp-content\/uploads\/2024\/02\/logo-2.svg","width":278,"height":84,"caption":"Ocean Panel"},"image":{"@id":"https:\/\/oceanpanel.org\/zh\/#\/schema\/logo\/image\/"}}]}},"_links":{"self":[{"href":"https:\/\/oceanpanel.org\/fr\/wp-json\/wp\/v2\/member\/1289","targetHints":{"allow":["GET"]}}],"collection":[{"href":"https:\/\/oceanpanel.org\/fr\/wp-json\/wp\/v2\/member"}],"about":[{"href":"https:\/\/oceanpanel.org\/fr\/wp-json\/wp\/v2\/types\/member"}],"wp:featuredmedia":[{"embeddable":true,"href":"https:\/\/oceanpanel.org\/fr\/wp-json\/wp\/v2\/media\/1290"}],"wp:attachment":[{"href":"https:\/\/oceanpanel.org\/fr\/wp-json\/wp\/v2\/media?parent=1289"}],"curies":[{"name":"wp","href":"https:\/\/api.w.org\/{rel}","templated":true}]}}

<p>Andrew Michael Holness a été élu neuvième Premier ministre de la Jamaïque en 2016. Il a précédemment été Premier ministre d&#039;octobre 2011 à janvier 2012. Il est le plus jeune Premier ministre de la Jamaïque à ce jour et le premier à être né après l&#039;indépendance nationale.</p>
<p>Holness a été élu pour la première fois député du Parti travailliste jamaïcain à l&#039;âge de 25 ans et en est à son quatrième mandat consécutif. Auparavant, il a été porte-parole de l&#039;opposition sur les terres et le développement, le logement et l&#039;éducation, et ministre de l&#039;Éducation, où il s&#039;est concentré sur l&#039;amélioration de l&#039;alphabétisation en Jamaïque et a supervisé l&#039;introduction du programme d&#039;avancement de carrière - un programme de formation technique et professionnelle postsecondaire. pour les jeunes seuls. Il a conservé le portefeuille de l&#039;éducation en tant que premier ministre.</p>
<p>Holness est née à Spanish Town, Sainte-Catherine. Il a obtenu un BSc en études de gestion et une maîtrise en études du développement de l&#039;Université des Antilles. Avant d&#039;entrer en politique, il a travaillé comme directeur exécutif de la Voluntary Organization for Uplifting Children.</p>

Panneau Océan

Panel de haut niveau pour une économie océanique durable
