{"id":184,"date":"2022-05-05T14:26:35","date_gmt":"2022-05-05T14:26:35","guid":{"rendered":"https:\/\/oceanpanel.org\/?post_type=an_cochairs&#038;p=184"},"modified":"2022-06-13T16:26:16","modified_gmt":"2022-06-13T16:26:16","slug":"naoko-ishii","status":"publish","type":"an_cochairs","link":"https:\/\/oceanpanel.org\/fr\/an_cochairs\/naoko-ishii\/","title":{"rendered":"Naoko Ishii"},"content":{"rendered":"<p>Le Dr Naoko Ishii a rejoint l&#039;Universit\u00e9 de Tokyo le 1er ao\u00fbt 2020 en tant que professeur, vice-pr\u00e9sident ex\u00e9cutif et directeur inaugural du Center for Global Commons. Elle dirigera ce centre nouvellement cr\u00e9\u00e9 avec pour mission de catalyser le changement des syst\u00e8mes afin que les humains puissent r\u00e9aliser un d\u00e9veloppement durable dans les limites plan\u00e9taires. Il est n\u00e9cessaire de mobiliser les mouvements de multiples parties prenantes, y compris les entreprises, les d\u00e9cideurs politiques, les villes, les OSC et les citoyens en tant que consommateurs et investisseurs vers un objectif commun de favoriser l&#039;intendance de Global Commons, c&#039;est-\u00e0-dire le syst\u00e8me terrestre essentiel \u00e0 la survie de l&#039;homme. Elle est convaincue que le monde universitaire peut et doit jouer un r\u00f4le beaucoup plus actif dans cette entreprise.<\/p>\n<p>Avant de rejoindre l&#039;universit\u00e9, elle a servi le FEM (Fonds pour l&#039;environnement mondial) en tant que PDG et pr\u00e9sidente de 2012 \u00e0 2020. Au cours de son mandat, elle a form\u00e9 la premi\u00e8re strat\u00e9gie \u00e0 moyen terme du FEM, FEM 2020, avec un fort accent sur la transformation des syst\u00e8mes \u00e9conomiques cl\u00e9s, et a livr\u00e9 deux reconstitutions r\u00e9ussies.<\/p>\n<p>Elle est entr\u00e9e au minist\u00e8re des Finances du Japon en 1981 et a travaill\u00e9 pour des bureaux des finances, de la fiscalit\u00e9 et des finances internationales, et a \u00e9t\u00e9 vice-ministre adjointe des Finances du Japon de 2010 \u00e0 2012. Elle a \u00e9galement travaill\u00e9 au FMI et \u00e0 la Banque mondiale et a \u00e9t\u00e9 en poste au Sri Lanka en tant que directrice de pays pour la Banque mondiale de 2006 \u00e0 2010.<\/p>\n<p>Elle est actuellement membre du conseil du Conseil chinois pour la coop\u00e9ration internationale sur l&#039;environnement et le d\u00e9veloppement, membre du Conseil de direction du R\u00e9seau des solutions de d\u00e9veloppement durable des Nations Unies, commissaire pour le dialogue \u00e9conomique sur les syst\u00e8mes alimentaires, ambassadrice de la FOLU (Coalition pour l&#039;alimentation et l&#039;utilisation des terres), membre de le conseil d&#039;administration de PACE (Platform for Accelerating Circular Economy), copr\u00e9sident du r\u00e9seau consultatif du groupe de haut niveau pour les oc\u00e9ans, et cofondateur et directeur de Global Commons Alliance.<\/p>\n<p>Elle a publi\u00e9 des articles et des livres, dont deux ont \u00e9t\u00e9 r\u00e9compens\u00e9s par le prix Suntory (1990) et le prix Okita Memorial pour la recherche sur le d\u00e9veloppement international (2004). Elle a obtenu un baccalaur\u00e9at en \u00e9conomie et un doctorat en d\u00e9veloppement international, tous deux de l&#039;Universit\u00e9 de Tokyo.<\/p>\n<p><strong>Regardez <\/strong><a href=\"https:\/\/www.ted.com\/talks\/naoko_ishii_an_economic_case_for_protecting_the_planet\"><strong>Conf\u00e9rence TED de Naoko<\/strong><\/a><strong> sur la sauvegarde de l&#039;indivis mondial.<\/strong><\/p>\n<p><strong>Suivez Naoko Ishii sur Twitter <\/strong><a href=\"https:\/\/twitter.com\/NaokoIshiiTokyo\"><strong>@NaokoIshiiTokyo.<\/strong><\/a><\/p>","protected":false},"featured_media":185,"template":"","class_list":["post-184","an_cochairs","type-an_cochairs","status-publish","has-post-thumbnail","hentry"],"acf":[],"yoast_head":"<!-- This site is optimized with the Yoast SEO plugin v25.9 - https:\/\/yoast.com\/wordpress\/plugins\/seo\/ -->\n<title>Naoko Ishii - Ocean Panel<\/title>\n<meta name=\"description\" content=\"Dr. Naoko Ishii joined University of Tokyo on August 1st, 2020, as Professor, Executive Vice President, and inaugurating Director for Center for Global\" \/>\n<meta name=\"robots\" content=\"index, follow, max-snippet:-1, max-image-preview:large, max-video-preview:-1\" \/>\n<link rel=\"canonical\" href=\"http:\/\/oceanpanel.org\/fr\/an_cochairs\/naoko-ishii\/\" \/>\n<meta property=\"og:locale\" content=\"fr_FR\" \/>\n<meta property=\"og:type\" content=\"article\" \/>\n<meta property=\"og:title\" content=\"Naoko Ishii - Ocean Panel\" \/>\n<meta property=\"og:description\" content=\"Dr. Naoko Ishii joined University of Tokyo on August 1st, 2020, as Professor, Executive Vice President, and inaugurating Director for Center for Global\" \/>\n<meta property=\"og:url\" content=\"http:\/\/oceanpanel.org\/fr\/an_cochairs\/naoko-ishii\/\" \/>\n<meta property=\"og:site_name\" content=\"Ocean Panel\" \/>\n<meta property=\"article:modified_time\" content=\"2022-06-13T16:26:16+00:00\" \/>\n<meta property=\"og:image\" content=\"http:\/\/oceanpanel.org\/wp-content\/uploads\/2022\/05\/NaokoIshii.jpg\" \/>\n\t<meta property=\"og:image:width\" content=\"430\" \/>\n\t<meta property=\"og:image:height\" content=\"430\" \/>\n\t<meta property=\"og:image:type\" content=\"image\/jpeg\" \/>\n<meta name=\"twitter:card\" content=\"summary_large_image\" \/>\n<meta name=\"twitter:image\" content=\"https:\/\/oceanpanel.org\/wp-content\/themes\/wrioceanpanel\/images\/Twitter-Social.jpg\" \/>\n<meta name=\"twitter:label1\" content=\"Est. reading time\" \/>\n\t<meta name=\"twitter:data1\" content=\"2 minutes\" \/>\n<script type=\"application\/ld+json\" class=\"yoast-schema-graph\">{\"@context\":\"https:\/\/schema.org\",\"@graph\":[{\"@type\":\"WebPage\",\"@id\":\"http:\/\/oceanpanel.org\/an_cochairs\/naoko-ishii\/\",\"url\":\"http:\/\/oceanpanel.org\/an_cochairs\/naoko-ishii\/\",\"name\":\"Naoko Ishii - Ocean Panel\",\"isPartOf\":{\"@id\":\"https:\/\/oceanpanel.org\/zh\/#website\"},\"primaryImageOfPage\":{\"@id\":\"http:\/\/oceanpanel.org\/an_cochairs\/naoko-ishii\/#primaryimage\"},\"image\":{\"@id\":\"http:\/\/oceanpanel.org\/an_cochairs\/naoko-ishii\/#primaryimage\"},\"thumbnailUrl\":\"https:\/\/oceanpanel.org\/wp-content\/uploads\/2022\/05\/NaokoIshii.jpg\",\"datePublished\":\"2022-05-05T14:26:35+00:00\",\"dateModified\":\"2022-06-13T16:26:16+00:00\",\"description\":\"Dr. Naoko Ishii joined University of Tokyo on August 1st, 2020, as Professor, Executive Vice President, and inaugurating Director for Center for Global\",\"breadcrumb\":{\"@id\":\"http:\/\/oceanpanel.org\/an_cochairs\/naoko-ishii\/#breadcrumb\"},\"inLanguage\":\"fr-FR\",\"potentialAction\":[{\"@type\":\"ReadAction\",\"target\":[\"http:\/\/oceanpanel.org\/an_cochairs\/naoko-ishii\/\"]}]},{\"@type\":\"ImageObject\",\"inLanguage\":\"fr-FR\",\"@id\":\"http:\/\/oceanpanel.org\/an_cochairs\/naoko-ishii\/#primaryimage\",\"url\":\"https:\/\/oceanpanel.org\/wp-content\/uploads\/2022\/05\/NaokoIshii.jpg\",\"contentUrl\":\"https:\/\/oceanpanel.org\/wp-content\/uploads\/2022\/05\/NaokoIshii.jpg\",\"width\":430,\"height\":430,\"caption\":\"A smiling woman with short black hair, wearing a light blue blazer over a white top, is facing the camera against a neutral background.\"},{\"@type\":\"BreadcrumbList\",\"@id\":\"http:\/\/oceanpanel.org\/an_cochairs\/naoko-ishii\/#breadcrumb\",\"itemListElement\":[{\"@type\":\"ListItem\",\"position\":1,\"name\":\"Home\",\"item\":\"https:\/\/oceanpanel.org\/\"},{\"@type\":\"ListItem\",\"position\":2,\"name\":\"Naoko Ishii\"}]},{\"@type\":\"WebSite\",\"@id\":\"https:\/\/oceanpanel.org\/zh\/#website\",\"url\":\"https:\/\/oceanpanel.org\/zh\/\",\"name\":\"Ocean Panel\",\"description\":\"High level panel for a sustainable ocean economy\",\"publisher\":{\"@id\":\"https:\/\/oceanpanel.org\/zh\/#organization\"},\"potentialAction\":[{\"@type\":\"SearchAction\",\"target\":{\"@type\":\"EntryPoint\",\"urlTemplate\":\"https:\/\/oceanpanel.org\/zh\/?s={search_term_string}\"},\"query-input\":{\"@type\":\"PropertyValueSpecification\",\"valueRequired\":true,\"valueName\":\"search_term_string\"}}],\"inLanguage\":\"fr-FR\"},{\"@type\":\"Organization\",\"@id\":\"https:\/\/oceanpanel.org\/zh\/#organization\",\"name\":\"Ocean Panel\",\"url\":\"https:\/\/oceanpanel.org\/zh\/\",\"logo\":{\"@type\":\"ImageObject\",\"inLanguage\":\"fr-FR\",\"@id\":\"https:\/\/oceanpanel.org\/zh\/#\/schema\/logo\/image\/\",\"url\":\"https:\/\/oceanpanel.org\/wp-content\/uploads\/2024\/02\/logo-2.svg\",\"contentUrl\":\"https:\/\/oceanpanel.org\/wp-content\/uploads\/2024\/02\/logo-2.svg\",\"width\":278,\"height\":84,\"caption\":\"Ocean Panel\"},\"image\":{\"@id\":\"https:\/\/oceanpanel.org\/zh\/#\/schema\/logo\/image\/\"}}]}<\/script>\n<!-- \/ Yoast SEO plugin. -->","yoast_head_json":{"title":"Naoko Ishii - Ocean Panel","description":"Dr. Naoko Ishii joined University of Tokyo on August 1st, 2020, as Professor, Executive Vice President, and inaugurating Director for Center for Global","robots":{"index":"index","follow":"follow","max-snippet":"max-snippet:-1","max-image-preview":"max-image-preview:large","max-video-preview":"max-video-preview:-1"},"canonical":"http:\/\/oceanpanel.org\/fr\/an_cochairs\/naoko-ishii\/","og_locale":"fr_FR","og_type":"article","og_title":"Naoko Ishii - Ocean Panel","og_description":"Dr. Naoko Ishii joined University of Tokyo on August 1st, 2020, as Professor, Executive Vice President, and inaugurating Director for Center for Global","og_url":"http:\/\/oceanpanel.org\/fr\/an_cochairs\/naoko-ishii\/","og_site_name":"Ocean Panel","article_modified_time":"2022-06-13T16:26:16+00:00","og_image":[{"width":430,"height":430,"url":"http:\/\/oceanpanel.org\/wp-content\/uploads\/2022\/05\/NaokoIshii.jpg","type":"image\/jpeg"}],"twitter_card":"summary_large_image","twitter_image":"https:\/\/oceanpanel.org\/wp-content\/themes\/wrioceanpanel\/images\/Twitter-Social.jpg","twitter_misc":{"Est. reading time":"2 minutes"},"schema":{"@context":"https:\/\/schema.org","@graph":[{"@type":"WebPage","@id":"http:\/\/oceanpanel.org\/an_cochairs\/naoko-ishii\/","url":"http:\/\/oceanpanel.org\/an_cochairs\/naoko-ishii\/","name":"Naoko Ishii - Ocean Panel","isPartOf":{"@id":"https:\/\/oceanpanel.org\/zh\/#website"},"primaryImageOfPage":{"@id":"http:\/\/oceanpanel.org\/an_cochairs\/naoko-ishii\/#primaryimage"},"image":{"@id":"http:\/\/oceanpanel.org\/an_cochairs\/naoko-ishii\/#primaryimage"},"thumbnailUrl":"https:\/\/oceanpanel.org\/wp-content\/uploads\/2022\/05\/NaokoIshii.jpg","datePublished":"2022-05-05T14:26:35+00:00","dateModified":"2022-06-13T16:26:16+00:00","description":"Dr. Naoko Ishii joined University of Tokyo on August 1st, 2020, as Professor, Executive Vice President, and inaugurating Director for Center for Global","breadcrumb":{"@id":"http:\/\/oceanpanel.org\/an_cochairs\/naoko-ishii\/#breadcrumb"},"inLanguage":"fr-FR","potentialAction":[{"@type":"ReadAction","target":["http:\/\/oceanpanel.org\/an_cochairs\/naoko-ishii\/"]}]},{"@type":"ImageObject","inLanguage":"fr-FR","@id":"http:\/\/oceanpanel.org\/an_cochairs\/naoko-ishii\/#primaryimage","url":"https:\/\/oceanpanel.org\/wp-content\/uploads\/2022\/05\/NaokoIshii.jpg","contentUrl":"https:\/\/oceanpanel.org\/wp-content\/uploads\/2022\/05\/NaokoIshii.jpg","width":430,"height":430,"caption":"A smiling woman with short black hair, wearing a light blue blazer over a white top, is facing the camera against a neutral background."},{"@type":"BreadcrumbList","@id":"http:\/\/oceanpanel.org\/an_cochairs\/naoko-ishii\/#breadcrumb","itemListElement":[{"@type":"ListItem","position":1,"name":"Home","item":"https:\/\/oceanpanel.org\/"},{"@type":"ListItem","position":2,"name":"Naoko Ishii"}]},{"@type":"WebSite","@id":"https:\/\/oceanpanel.org\/zh\/#website","url":"https:\/\/oceanpanel.org\/zh\/","name":"Panneau Oc\u00e9an","description":"Panel de haut niveau pour une \u00e9conomie oc\u00e9anique durable","publisher":{"@id":"https:\/\/oceanpanel.org\/zh\/#organization"},"potentialAction":[{"@type":"SearchAction","target":{"@type":"EntryPoint","urlTemplate":"https:\/\/oceanpanel.org\/zh\/?s={search_term_string}"},"query-input":{"@type":"PropertyValueSpecification","valueRequired":true,"valueName":"search_term_string"}}],"inLanguage":"fr-FR"},{"@type":"Organization","@id":"https:\/\/oceanpanel.org\/zh\/#organization","name":"Panneau Oc\u00e9an","url":"https:\/\/oceanpanel.org\/zh\/","logo":{"@type":"ImageObject","inLanguage":"fr-FR","@id":"https:\/\/oceanpanel.org\/zh\/#\/schema\/logo\/image\/","url":"https:\/\/oceanpanel.org\/wp-content\/uploads\/2024\/02\/logo-2.svg","contentUrl":"https:\/\/oceanpanel.org\/wp-content\/uploads\/2024\/02\/logo-2.svg","width":278,"height":84,"caption":"Ocean Panel"},"image":{"@id":"https:\/\/oceanpanel.org\/zh\/#\/schema\/logo\/image\/"}}]}},"_links":{"self":[{"href":"https:\/\/oceanpanel.org\/fr\/wp-json\/wp\/v2\/an_cochairs\/184","targetHints":{"allow":["GET"]}}],"collection":[{"href":"https:\/\/oceanpanel.org\/fr\/wp-json\/wp\/v2\/an_cochairs"}],"about":[{"href":"https:\/\/oceanpanel.org\/fr\/wp-json\/wp\/v2\/types\/an_cochairs"}],"wp:featuredmedia":[{"embeddable":true,"href":"https:\/\/oceanpanel.org\/fr\/wp-json\/wp\/v2\/media\/185"}],"wp:attachment":[{"href":"https:\/\/oceanpanel.org\/fr\/wp-json\/wp\/v2\/media?parent=184"}],"curies":[{"name":"wp","href":"https:\/\/api.w.org\/{rel}","templated":true}]}}

<p>Le Dr Naoko Ishii a rejoint l&#039;Université de Tokyo le 1er août 2020 en tant que professeur, vice-président exécutif et directeur inaugural du Center for Global Commons. Elle dirigera ce centre nouvellement créé avec pour mission de catalyser le changement des systèmes afin que les humains puissent réaliser un développement durable dans les limites planétaires. Il est nécessaire de mobiliser les mouvements de multiples parties prenantes, y compris les entreprises, les décideurs politiques, les villes, les OSC et les citoyens en tant que consommateurs et investisseurs vers un objectif commun de favoriser l&#039;intendance de Global Commons, c&#039;est-à-dire le système terrestre essentiel à la survie de l&#039;homme. Elle est convaincue que le monde universitaire peut et doit jouer un rôle beaucoup plus actif dans cette entreprise.</p>
<p>Avant de rejoindre l&#039;université, elle a servi le FEM (Fonds pour l&#039;environnement mondial) en tant que PDG et présidente de 2012 à 2020. Au cours de son mandat, elle a formé la première stratégie à moyen terme du FEM, FEM 2020, avec un fort accent sur la transformation des systèmes économiques clés, et a livré deux reconstitutions réussies.</p>
<p>Elle est entrée au ministère des Finances du Japon en 1981 et a travaillé pour des bureaux des finances, de la fiscalité et des finances internationales, et a été vice-ministre adjointe des Finances du Japon de 2010 à 2012. Elle a également travaillé au FMI et à la Banque mondiale et a été en poste au Sri Lanka en tant que directrice de pays pour la Banque mondiale de 2006 à 2010.</p>
<p>Elle est actuellement membre du conseil du Conseil chinois pour la coopération internationale sur l&#039;environnement et le développement, membre du Conseil de direction du Réseau des solutions de développement durable des Nations Unies, commissaire pour le dialogue économique sur les systèmes alimentaires, ambassadrice de la FOLU (Coalition pour l&#039;alimentation et l&#039;utilisation des terres), membre de le conseil d&#039;administration de PACE (Platform for Accelerating Circular Economy), coprésident du réseau consultatif du groupe de haut niveau pour les océans, et cofondateur et directeur de Global Commons Alliance.</p>
<p>Elle a publié des articles et des livres, dont deux ont été récompensés par le prix Suntory (1990) et le prix Okita Memorial pour la recherche sur le développement international (2004). Elle a obtenu un baccalauréat en économie et un doctorat en développement international, tous deux de l&#039;Université de Tokyo.</p>
<p><strong>Regardez </strong><a href="https://www.ted.com/talks/naoko_ishii_an_economic_case_for_protecting_the_planet"><strong>Conférence TED de Naoko</strong></a><strong> sur la sauvegarde de l&#039;indivis mondial.</strong></p>
<p><strong>Suivez Naoko Ishii sur Twitter </strong><a href="https://twitter.com/NaokoIshiiTokyo"><strong>@NaokoIshiiTokyo.</strong></a></p>

Panneau Océan

Panel de haut niveau pour une économie océanique durable
