{"id":1289,"date":"2022-05-26T17:26:11","date_gmt":"2022-05-26T17:26:11","guid":{"rendered":"https:\/\/oceanpanel.org\/?post_type=member&#038;p=1289"},"modified":"2024-03-13T15:58:15","modified_gmt":"2024-03-13T15:58:15","slug":"andrew-holness","status":"publish","type":"member","link":"https:\/\/oceanpanel.org\/es\/member\/andrew-holness\/","title":{"rendered":"andres holness"},"content":{"rendered":"<p>Andrew Michael Holness fue elegido el noveno Primer Ministro de Jamaica en 2016. Anteriormente se desempe\u00f1\u00f3 como Primer Ministro desde octubre de 2011 hasta enero de 2012. Es el Primer Ministro m\u00e1s joven de Jamaica hasta la fecha y el primero en nacer despu\u00e9s de la Independencia Nacional.<\/p>\n<p>Holness fue elegido por primera vez miembro del Parlamento por el Partido Laborista de Jamaica a la edad de 25 a\u00f1os y se encuentra en su cuarto mandato consecutivo. Anteriormente, se desempe\u00f1\u00f3 como Portavoz de la Oposici\u00f3n sobre Tierras y Desarrollo, Vivienda y Educaci\u00f3n, y como Ministro de Educaci\u00f3n, donde se centr\u00f3 en mejorar la alfabetizaci\u00f3n en Jamaica y supervis\u00f3 la introducci\u00f3n del Programa de Avance Profesional, un programa de capacitaci\u00f3n t\u00e9cnica y vocacional postsecundaria. para la juventud soltera. Ha conservado la Cartera de Educaci\u00f3n como Primer Ministro.<\/p>\n<p>Holness naci\u00f3 en Spanish Town, St. Catherine. Obtuvo una licenciatura en Estudios de Gesti\u00f3n y una Maestr\u00eda en Estudios de Desarrollo de la Universidad de las Indias Occidentales. Antes de ingresar a la pol\u00edtica, trabaj\u00f3 como Director Ejecutivo de la Organizaci\u00f3n Voluntaria para Edificar a los Ni\u00f1os.<\/p>","protected":false},"featured_media":1290,"template":"","class_list":["post-1289","member","type-member","status-publish","has-post-thumbnail","hentry"],"acf":[],"yoast_head":"<!-- This site is optimized with the Yoast SEO plugin v25.9 - https:\/\/yoast.com\/wordpress\/plugins\/seo\/ -->\n<title>Andrew Holness - Ocean Panel<\/title>\n<meta name=\"description\" content=\"Andrew Michael Holness was elected Jamaica\u2019s ninth Prime Minister in 2016. He previously served as Prime Minister from October 2011 to January 2012. He is\" \/>\n<meta name=\"robots\" content=\"index, follow, max-snippet:-1, max-image-preview:large, max-video-preview:-1\" \/>\n<link rel=\"canonical\" href=\"https:\/\/oceanpanel.org\/es\/member\/andrew-holness\/\" \/>\n<meta property=\"og:locale\" content=\"es_ES\" \/>\n<meta property=\"og:type\" content=\"article\" \/>\n<meta property=\"og:title\" content=\"Andrew Holness - Ocean Panel\" \/>\n<meta property=\"og:description\" content=\"Andrew Michael Holness was elected Jamaica\u2019s ninth Prime Minister in 2016. He previously served as Prime Minister from October 2011 to January 2012. He is\" \/>\n<meta property=\"og:url\" content=\"https:\/\/oceanpanel.org\/es\/member\/andrew-holness\/\" \/>\n<meta property=\"og:site_name\" content=\"Ocean Panel\" \/>\n<meta property=\"article:modified_time\" content=\"2024-03-13T15:58:15+00:00\" \/>\n<meta property=\"og:image\" content=\"https:\/\/oceanpanel.org\/wp-content\/uploads\/2022\/05\/OceanPanelMembers-_0008_Andrew-Holness.jpg\" \/>\n\t<meta property=\"og:image:width\" content=\"255\" \/>\n\t<meta property=\"og:image:height\" content=\"255\" \/>\n\t<meta property=\"og:image:type\" content=\"image\/jpeg\" \/>\n<meta name=\"twitter:card\" content=\"summary_large_image\" \/>\n<meta name=\"twitter:image\" content=\"https:\/\/oceanpanel.org\/wp-content\/themes\/wrioceanpanel\/images\/Twitter-Social.jpg\" \/>\n<meta name=\"twitter:label1\" content=\"Est. reading time\" \/>\n\t<meta name=\"twitter:data1\" content=\"1 minute\" \/>\n<script type=\"application\/ld+json\" class=\"yoast-schema-graph\">{\"@context\":\"https:\/\/schema.org\",\"@graph\":[{\"@type\":\"WebPage\",\"@id\":\"https:\/\/oceanpanel.org\/es\/member\/andrew-holness\/\",\"url\":\"https:\/\/oceanpanel.org\/es\/member\/andrew-holness\/\",\"name\":\"Andrew Holness - Ocean Panel\",\"isPartOf\":{\"@id\":\"https:\/\/oceanpanel.org\/zh\/#website\"},\"primaryImageOfPage\":{\"@id\":\"https:\/\/oceanpanel.org\/es\/member\/andrew-holness\/#primaryimage\"},\"image\":{\"@id\":\"https:\/\/oceanpanel.org\/es\/member\/andrew-holness\/#primaryimage\"},\"thumbnailUrl\":\"https:\/\/oceanpanel.org\/wp-content\/uploads\/2022\/05\/OceanPanelMembers-_0008_Andrew-Holness.jpg\",\"datePublished\":\"2022-05-26T17:26:11+00:00\",\"dateModified\":\"2024-03-13T15:58:15+00:00\",\"description\":\"Andrew Michael Holness was elected Jamaica\u2019s ninth Prime Minister in 2016. He previously served as Prime Minister from October 2011 to January 2012. He is\",\"breadcrumb\":{\"@id\":\"https:\/\/oceanpanel.org\/es\/member\/andrew-holness\/#breadcrumb\"},\"inLanguage\":\"es-ES\",\"potentialAction\":[{\"@type\":\"ReadAction\",\"target\":[\"https:\/\/oceanpanel.org\/es\/member\/andrew-holness\/\"]}]},{\"@type\":\"ImageObject\",\"inLanguage\":\"es-ES\",\"@id\":\"https:\/\/oceanpanel.org\/es\/member\/andrew-holness\/#primaryimage\",\"url\":\"https:\/\/oceanpanel.org\/wp-content\/uploads\/2022\/05\/OceanPanelMembers-_0008_Andrew-Holness.jpg\",\"contentUrl\":\"https:\/\/oceanpanel.org\/wp-content\/uploads\/2022\/05\/OceanPanelMembers-_0008_Andrew-Holness.jpg\",\"width\":255,\"height\":255,\"caption\":\"Portrait of a man in a suit with a blue tie, against a neutral background featuring a Jamaican flag.\"},{\"@type\":\"BreadcrumbList\",\"@id\":\"https:\/\/oceanpanel.org\/es\/member\/andrew-holness\/#breadcrumb\",\"itemListElement\":[{\"@type\":\"ListItem\",\"position\":1,\"name\":\"Home\",\"item\":\"https:\/\/oceanpanel.org\/\"},{\"@type\":\"ListItem\",\"position\":2,\"name\":\"Andrew Holness\"}]},{\"@type\":\"WebSite\",\"@id\":\"https:\/\/oceanpanel.org\/zh\/#website\",\"url\":\"https:\/\/oceanpanel.org\/zh\/\",\"name\":\"Ocean Panel\",\"description\":\"High level panel for a sustainable ocean economy\",\"publisher\":{\"@id\":\"https:\/\/oceanpanel.org\/zh\/#organization\"},\"potentialAction\":[{\"@type\":\"SearchAction\",\"target\":{\"@type\":\"EntryPoint\",\"urlTemplate\":\"https:\/\/oceanpanel.org\/zh\/?s={search_term_string}\"},\"query-input\":{\"@type\":\"PropertyValueSpecification\",\"valueRequired\":true,\"valueName\":\"search_term_string\"}}],\"inLanguage\":\"es-ES\"},{\"@type\":\"Organization\",\"@id\":\"https:\/\/oceanpanel.org\/zh\/#organization\",\"name\":\"Ocean Panel\",\"url\":\"https:\/\/oceanpanel.org\/zh\/\",\"logo\":{\"@type\":\"ImageObject\",\"inLanguage\":\"es-ES\",\"@id\":\"https:\/\/oceanpanel.org\/zh\/#\/schema\/logo\/image\/\",\"url\":\"https:\/\/oceanpanel.org\/wp-content\/uploads\/2024\/02\/logo-2.svg\",\"contentUrl\":\"https:\/\/oceanpanel.org\/wp-content\/uploads\/2024\/02\/logo-2.svg\",\"width\":278,\"height\":84,\"caption\":\"Ocean Panel\"},\"image\":{\"@id\":\"https:\/\/oceanpanel.org\/zh\/#\/schema\/logo\/image\/\"}}]}<\/script>\n<!-- \/ Yoast SEO plugin. -->","yoast_head_json":{"title":"Andrew Holness - Ocean Panel","description":"Andrew Michael Holness was elected Jamaica\u2019s ninth Prime Minister in 2016. He previously served as Prime Minister from October 2011 to January 2012. He is","robots":{"index":"index","follow":"follow","max-snippet":"max-snippet:-1","max-image-preview":"max-image-preview:large","max-video-preview":"max-video-preview:-1"},"canonical":"https:\/\/oceanpanel.org\/es\/member\/andrew-holness\/","og_locale":"es_ES","og_type":"article","og_title":"Andrew Holness - Ocean Panel","og_description":"Andrew Michael Holness was elected Jamaica\u2019s ninth Prime Minister in 2016. He previously served as Prime Minister from October 2011 to January 2012. He is","og_url":"https:\/\/oceanpanel.org\/es\/member\/andrew-holness\/","og_site_name":"Ocean Panel","article_modified_time":"2024-03-13T15:58:15+00:00","og_image":[{"width":255,"height":255,"url":"https:\/\/oceanpanel.org\/wp-content\/uploads\/2022\/05\/OceanPanelMembers-_0008_Andrew-Holness.jpg","type":"image\/jpeg"}],"twitter_card":"summary_large_image","twitter_image":"https:\/\/oceanpanel.org\/wp-content\/themes\/wrioceanpanel\/images\/Twitter-Social.jpg","twitter_misc":{"Est. reading time":"1 minute"},"schema":{"@context":"https:\/\/schema.org","@graph":[{"@type":"WebPage","@id":"https:\/\/oceanpanel.org\/es\/member\/andrew-holness\/","url":"https:\/\/oceanpanel.org\/es\/member\/andrew-holness\/","name":"Andrew Holness - Ocean Panel","isPartOf":{"@id":"https:\/\/oceanpanel.org\/zh\/#website"},"primaryImageOfPage":{"@id":"https:\/\/oceanpanel.org\/es\/member\/andrew-holness\/#primaryimage"},"image":{"@id":"https:\/\/oceanpanel.org\/es\/member\/andrew-holness\/#primaryimage"},"thumbnailUrl":"https:\/\/oceanpanel.org\/wp-content\/uploads\/2022\/05\/OceanPanelMembers-_0008_Andrew-Holness.jpg","datePublished":"2022-05-26T17:26:11+00:00","dateModified":"2024-03-13T15:58:15+00:00","description":"Andrew Michael Holness was elected Jamaica\u2019s ninth Prime Minister in 2016. He previously served as Prime Minister from October 2011 to January 2012. He is","breadcrumb":{"@id":"https:\/\/oceanpanel.org\/es\/member\/andrew-holness\/#breadcrumb"},"inLanguage":"es-ES","potentialAction":[{"@type":"ReadAction","target":["https:\/\/oceanpanel.org\/es\/member\/andrew-holness\/"]}]},{"@type":"ImageObject","inLanguage":"es-ES","@id":"https:\/\/oceanpanel.org\/es\/member\/andrew-holness\/#primaryimage","url":"https:\/\/oceanpanel.org\/wp-content\/uploads\/2022\/05\/OceanPanelMembers-_0008_Andrew-Holness.jpg","contentUrl":"https:\/\/oceanpanel.org\/wp-content\/uploads\/2022\/05\/OceanPanelMembers-_0008_Andrew-Holness.jpg","width":255,"height":255,"caption":"Portrait of a man in a suit with a blue tie, against a neutral background featuring a Jamaican flag."},{"@type":"BreadcrumbList","@id":"https:\/\/oceanpanel.org\/es\/member\/andrew-holness\/#breadcrumb","itemListElement":[{"@type":"ListItem","position":1,"name":"Home","item":"https:\/\/oceanpanel.org\/"},{"@type":"ListItem","position":2,"name":"Andrew Holness"}]},{"@type":"WebSite","@id":"https:\/\/oceanpanel.org\/zh\/#website","url":"https:\/\/oceanpanel.org\/zh\/","name":"Panel del oc\u00e9ano","description":"Panel de alto nivel para una econom\u00eda oce\u00e1nica sostenible","publisher":{"@id":"https:\/\/oceanpanel.org\/zh\/#organization"},"potentialAction":[{"@type":"SearchAction","target":{"@type":"EntryPoint","urlTemplate":"https:\/\/oceanpanel.org\/zh\/?s={search_term_string}"},"query-input":{"@type":"PropertyValueSpecification","valueRequired":true,"valueName":"search_term_string"}}],"inLanguage":"es-ES"},{"@type":"Organization","@id":"https:\/\/oceanpanel.org\/zh\/#organization","name":"Panel del oc\u00e9ano","url":"https:\/\/oceanpanel.org\/zh\/","logo":{"@type":"ImageObject","inLanguage":"es-ES","@id":"https:\/\/oceanpanel.org\/zh\/#\/schema\/logo\/image\/","url":"https:\/\/oceanpanel.org\/wp-content\/uploads\/2024\/02\/logo-2.svg","contentUrl":"https:\/\/oceanpanel.org\/wp-content\/uploads\/2024\/02\/logo-2.svg","width":278,"height":84,"caption":"Ocean Panel"},"image":{"@id":"https:\/\/oceanpanel.org\/zh\/#\/schema\/logo\/image\/"}}]}},"_links":{"self":[{"href":"https:\/\/oceanpanel.org\/es\/wp-json\/wp\/v2\/member\/1289","targetHints":{"allow":["GET"]}}],"collection":[{"href":"https:\/\/oceanpanel.org\/es\/wp-json\/wp\/v2\/member"}],"about":[{"href":"https:\/\/oceanpanel.org\/es\/wp-json\/wp\/v2\/types\/member"}],"wp:featuredmedia":[{"embeddable":true,"href":"https:\/\/oceanpanel.org\/es\/wp-json\/wp\/v2\/media\/1290"}],"wp:attachment":[{"href":"https:\/\/oceanpanel.org\/es\/wp-json\/wp\/v2\/media?parent=1289"}],"curies":[{"name":"wp","href":"https:\/\/api.w.org\/{rel}","templated":true}]}}

<p>Andrew Michael Holness fue elegido el noveno Primer Ministro de Jamaica en 2016. Anteriormente se desempeñó como Primer Ministro desde octubre de 2011 hasta enero de 2012. Es el Primer Ministro más joven de Jamaica hasta la fecha y el primero en nacer después de la Independencia Nacional.</p>
<p>Holness fue elegido por primera vez miembro del Parlamento por el Partido Laborista de Jamaica a la edad de 25 años y se encuentra en su cuarto mandato consecutivo. Anteriormente, se desempeñó como Portavoz de la Oposición sobre Tierras y Desarrollo, Vivienda y Educación, y como Ministro de Educación, donde se centró en mejorar la alfabetización en Jamaica y supervisó la introducción del Programa de Avance Profesional, un programa de capacitación técnica y vocacional postsecundaria. para la juventud soltera. Ha conservado la Cartera de Educación como Primer Ministro.</p>
<p>Holness nació en Spanish Town, St. Catherine. Obtuvo una licenciatura en Estudios de Gestión y una Maestría en Estudios de Desarrollo de la Universidad de las Indias Occidentales. Antes de ingresar a la política, trabajó como Director Ejecutivo de la Organización Voluntaria para Edificar a los Niños.</p>

Panel del océano

Panel de alto nivel para una economía oceánica sostenible
