{"id":184,"date":"2022-05-05T14:26:35","date_gmt":"2022-05-05T14:26:35","guid":{"rendered":"https:\/\/oceanpanel.org\/?post_type=an_cochairs&#038;p=184"},"modified":"2022-06-13T16:26:16","modified_gmt":"2022-06-13T16:26:16","slug":"naoko-ishii","status":"publish","type":"an_cochairs","link":"https:\/\/oceanpanel.org\/es\/an_cochairs\/naoko-ishii\/","title":{"rendered":"naoko ishii"},"content":{"rendered":"<p>La Dra. Naoko Ishii se uni\u00f3 a la Universidad de Tokio el 1 de agosto de 2020 como profesora, vicepresidenta ejecutiva y directora inaugural del Centro para los Bienes Comunes Globales. Ella dirigir\u00e1 este centro recientemente establecido con la misi\u00f3n de catalizar el cambio de sistemas para que los humanos puedan lograr un desarrollo sostenible dentro de los l\u00edmites planetarios. Es necesario movilizar movimientos de m\u00faltiples partes interesadas, incluidas empresas, legisladores, ciudades, organizaciones de la sociedad civil y ciudadanos como consumidores e inversores hacia un objetivo compartido de nutrir la administraci\u00f3n de Global Commons, que es el sistema terrestre cr\u00edtico para la supervivencia humana. Su creencia es que la academia puede y debe desempe\u00f1ar un papel mucho m\u00e1s activo en este esfuerzo.<\/p>\n<p>Antes de unirse a la universidad, se desempe\u00f1\u00f3 como directora ejecutiva y presidenta del FMAM (Fondo para el Medio Ambiente Mundial) de 2012 a 2020. Durante su mandato, form\u00f3 la primera estrategia a mediano plazo del FMAM, FMAM 2020, con un fuerte enfoque en la transformaci\u00f3n de sistemas econ\u00f3micos clave, y entreg\u00f3 dos reabastecimientos exitosos.<\/p>\n<p>Ingres\u00f3 al Ministerio de Finanzas de Jap\u00f3n en 1981 y trabaj\u00f3 para las oficinas de finanzas, impuestos y finanzas internacionales, y se desempe\u00f1\u00f3 como Viceministra Adjunta de Finanzas de Jap\u00f3n entre 2010 y 2012. Tambi\u00e9n trabaj\u00f3 en el FMI y el Banco Mundial y estuvo asignada en Sri Lanka como Directora de Pa\u00eds del Banco Mundial durante 2006-2010.<\/p>\n<p>Actualmente se desempe\u00f1a como miembro del consejo del Consejo de China para la Cooperaci\u00f3n Internacional en Medio Ambiente y Desarrollo, miembro del Consejo de Liderazgo de la Red de Soluciones de Desarrollo Sostenible de las Naciones Unidas, comisionada para el Di\u00e1logo Econ\u00f3mico de Sistemas Alimentarios, Embajadora de FOLU (Coalici\u00f3n de Alimentos y Uso de la Tierra), miembro de la Junta de PACE (Plataforma para Acelerar la Econom\u00eda Circular), copresidente de la Red Asesora para el Panel de Alto Nivel para los Oc\u00e9anos, y cofundador y director de Global Commons Alliance.<\/p>\n<p>Ha publicado art\u00edculos y libros, dos de los cuales fueron otorgados por Suntory Prize (1990) y Okita Memorial Prize for International Development Research (2004). Obtuvo una licenciatura en econom\u00eda y un doctorado en desarrollo internacional, ambos de la Universidad de Tokio.<\/p>\n<p><strong>Reloj <\/strong><a href=\"https:\/\/www.ted.com\/talks\/naoko_ishii_an_economic_case_for_protecting_the_planet\"><strong>Charla TED de Naoko<\/strong><\/a><strong> sobre la salvaguardia de los bienes comunes mundiales.<\/strong><\/p>\n<p><strong>Sigue a Naoko Ishii en Twitter <\/strong><a href=\"https:\/\/twitter.com\/NaokoIshiiTokyo\"><strong>@NaokoIshiiTokyo.<\/strong><\/a><\/p>","protected":false},"featured_media":185,"template":"","class_list":["post-184","an_cochairs","type-an_cochairs","status-publish","has-post-thumbnail","hentry"],"acf":[],"yoast_head":"<!-- This site is optimized with the Yoast SEO plugin v25.9 - https:\/\/yoast.com\/wordpress\/plugins\/seo\/ -->\n<title>Naoko Ishii - Ocean Panel<\/title>\n<meta name=\"description\" content=\"Dr. Naoko Ishii joined University of Tokyo on August 1st, 2020, as Professor, Executive Vice President, and inaugurating Director for Center for Global\" \/>\n<meta name=\"robots\" content=\"index, follow, max-snippet:-1, max-image-preview:large, max-video-preview:-1\" \/>\n<link rel=\"canonical\" href=\"http:\/\/oceanpanel.org\/es\/an_cochairs\/naoko-ishii\/\" \/>\n<meta property=\"og:locale\" content=\"es_ES\" \/>\n<meta property=\"og:type\" content=\"article\" \/>\n<meta property=\"og:title\" content=\"Naoko Ishii - Ocean Panel\" \/>\n<meta property=\"og:description\" content=\"Dr. Naoko Ishii joined University of Tokyo on August 1st, 2020, as Professor, Executive Vice President, and inaugurating Director for Center for Global\" \/>\n<meta property=\"og:url\" content=\"http:\/\/oceanpanel.org\/es\/an_cochairs\/naoko-ishii\/\" \/>\n<meta property=\"og:site_name\" content=\"Ocean Panel\" \/>\n<meta property=\"article:modified_time\" content=\"2022-06-13T16:26:16+00:00\" \/>\n<meta property=\"og:image\" content=\"http:\/\/oceanpanel.org\/wp-content\/uploads\/2022\/05\/NaokoIshii.jpg\" \/>\n\t<meta property=\"og:image:width\" content=\"430\" \/>\n\t<meta property=\"og:image:height\" content=\"430\" \/>\n\t<meta property=\"og:image:type\" content=\"image\/jpeg\" \/>\n<meta name=\"twitter:card\" content=\"summary_large_image\" \/>\n<meta name=\"twitter:image\" content=\"https:\/\/oceanpanel.org\/wp-content\/themes\/wrioceanpanel\/images\/Twitter-Social.jpg\" \/>\n<meta name=\"twitter:label1\" content=\"Est. reading time\" \/>\n\t<meta name=\"twitter:data1\" content=\"2 minutes\" \/>\n<script type=\"application\/ld+json\" class=\"yoast-schema-graph\">{\"@context\":\"https:\/\/schema.org\",\"@graph\":[{\"@type\":\"WebPage\",\"@id\":\"http:\/\/oceanpanel.org\/an_cochairs\/naoko-ishii\/\",\"url\":\"http:\/\/oceanpanel.org\/an_cochairs\/naoko-ishii\/\",\"name\":\"Naoko Ishii - Ocean Panel\",\"isPartOf\":{\"@id\":\"https:\/\/oceanpanel.org\/zh\/#website\"},\"primaryImageOfPage\":{\"@id\":\"http:\/\/oceanpanel.org\/an_cochairs\/naoko-ishii\/#primaryimage\"},\"image\":{\"@id\":\"http:\/\/oceanpanel.org\/an_cochairs\/naoko-ishii\/#primaryimage\"},\"thumbnailUrl\":\"https:\/\/oceanpanel.org\/wp-content\/uploads\/2022\/05\/NaokoIshii.jpg\",\"datePublished\":\"2022-05-05T14:26:35+00:00\",\"dateModified\":\"2022-06-13T16:26:16+00:00\",\"description\":\"Dr. Naoko Ishii joined University of Tokyo on August 1st, 2020, as Professor, Executive Vice President, and inaugurating Director for Center for Global\",\"breadcrumb\":{\"@id\":\"http:\/\/oceanpanel.org\/an_cochairs\/naoko-ishii\/#breadcrumb\"},\"inLanguage\":\"es-ES\",\"potentialAction\":[{\"@type\":\"ReadAction\",\"target\":[\"http:\/\/oceanpanel.org\/an_cochairs\/naoko-ishii\/\"]}]},{\"@type\":\"ImageObject\",\"inLanguage\":\"es-ES\",\"@id\":\"http:\/\/oceanpanel.org\/an_cochairs\/naoko-ishii\/#primaryimage\",\"url\":\"https:\/\/oceanpanel.org\/wp-content\/uploads\/2022\/05\/NaokoIshii.jpg\",\"contentUrl\":\"https:\/\/oceanpanel.org\/wp-content\/uploads\/2022\/05\/NaokoIshii.jpg\",\"width\":430,\"height\":430,\"caption\":\"A smiling woman with short black hair, wearing a light blue blazer over a white top, is facing the camera against a neutral background.\"},{\"@type\":\"BreadcrumbList\",\"@id\":\"http:\/\/oceanpanel.org\/an_cochairs\/naoko-ishii\/#breadcrumb\",\"itemListElement\":[{\"@type\":\"ListItem\",\"position\":1,\"name\":\"Home\",\"item\":\"https:\/\/oceanpanel.org\/\"},{\"@type\":\"ListItem\",\"position\":2,\"name\":\"Naoko Ishii\"}]},{\"@type\":\"WebSite\",\"@id\":\"https:\/\/oceanpanel.org\/zh\/#website\",\"url\":\"https:\/\/oceanpanel.org\/zh\/\",\"name\":\"Ocean Panel\",\"description\":\"High level panel for a sustainable ocean economy\",\"publisher\":{\"@id\":\"https:\/\/oceanpanel.org\/zh\/#organization\"},\"potentialAction\":[{\"@type\":\"SearchAction\",\"target\":{\"@type\":\"EntryPoint\",\"urlTemplate\":\"https:\/\/oceanpanel.org\/zh\/?s={search_term_string}\"},\"query-input\":{\"@type\":\"PropertyValueSpecification\",\"valueRequired\":true,\"valueName\":\"search_term_string\"}}],\"inLanguage\":\"es-ES\"},{\"@type\":\"Organization\",\"@id\":\"https:\/\/oceanpanel.org\/zh\/#organization\",\"name\":\"Ocean Panel\",\"url\":\"https:\/\/oceanpanel.org\/zh\/\",\"logo\":{\"@type\":\"ImageObject\",\"inLanguage\":\"es-ES\",\"@id\":\"https:\/\/oceanpanel.org\/zh\/#\/schema\/logo\/image\/\",\"url\":\"https:\/\/oceanpanel.org\/wp-content\/uploads\/2024\/02\/logo-2.svg\",\"contentUrl\":\"https:\/\/oceanpanel.org\/wp-content\/uploads\/2024\/02\/logo-2.svg\",\"width\":278,\"height\":84,\"caption\":\"Ocean Panel\"},\"image\":{\"@id\":\"https:\/\/oceanpanel.org\/zh\/#\/schema\/logo\/image\/\"}}]}<\/script>\n<!-- \/ Yoast SEO plugin. -->","yoast_head_json":{"title":"Naoko Ishii - Ocean Panel","description":"Dr. Naoko Ishii joined University of Tokyo on August 1st, 2020, as Professor, Executive Vice President, and inaugurating Director for Center for Global","robots":{"index":"index","follow":"follow","max-snippet":"max-snippet:-1","max-image-preview":"max-image-preview:large","max-video-preview":"max-video-preview:-1"},"canonical":"http:\/\/oceanpanel.org\/es\/an_cochairs\/naoko-ishii\/","og_locale":"es_ES","og_type":"article","og_title":"Naoko Ishii - Ocean Panel","og_description":"Dr. Naoko Ishii joined University of Tokyo on August 1st, 2020, as Professor, Executive Vice President, and inaugurating Director for Center for Global","og_url":"http:\/\/oceanpanel.org\/es\/an_cochairs\/naoko-ishii\/","og_site_name":"Ocean Panel","article_modified_time":"2022-06-13T16:26:16+00:00","og_image":[{"width":430,"height":430,"url":"http:\/\/oceanpanel.org\/wp-content\/uploads\/2022\/05\/NaokoIshii.jpg","type":"image\/jpeg"}],"twitter_card":"summary_large_image","twitter_image":"https:\/\/oceanpanel.org\/wp-content\/themes\/wrioceanpanel\/images\/Twitter-Social.jpg","twitter_misc":{"Est. reading time":"2 minutes"},"schema":{"@context":"https:\/\/schema.org","@graph":[{"@type":"WebPage","@id":"http:\/\/oceanpanel.org\/an_cochairs\/naoko-ishii\/","url":"http:\/\/oceanpanel.org\/an_cochairs\/naoko-ishii\/","name":"Naoko Ishii - Ocean Panel","isPartOf":{"@id":"https:\/\/oceanpanel.org\/zh\/#website"},"primaryImageOfPage":{"@id":"http:\/\/oceanpanel.org\/an_cochairs\/naoko-ishii\/#primaryimage"},"image":{"@id":"http:\/\/oceanpanel.org\/an_cochairs\/naoko-ishii\/#primaryimage"},"thumbnailUrl":"https:\/\/oceanpanel.org\/wp-content\/uploads\/2022\/05\/NaokoIshii.jpg","datePublished":"2022-05-05T14:26:35+00:00","dateModified":"2022-06-13T16:26:16+00:00","description":"Dr. Naoko Ishii joined University of Tokyo on August 1st, 2020, as Professor, Executive Vice President, and inaugurating Director for Center for Global","breadcrumb":{"@id":"http:\/\/oceanpanel.org\/an_cochairs\/naoko-ishii\/#breadcrumb"},"inLanguage":"es-ES","potentialAction":[{"@type":"ReadAction","target":["http:\/\/oceanpanel.org\/an_cochairs\/naoko-ishii\/"]}]},{"@type":"ImageObject","inLanguage":"es-ES","@id":"http:\/\/oceanpanel.org\/an_cochairs\/naoko-ishii\/#primaryimage","url":"https:\/\/oceanpanel.org\/wp-content\/uploads\/2022\/05\/NaokoIshii.jpg","contentUrl":"https:\/\/oceanpanel.org\/wp-content\/uploads\/2022\/05\/NaokoIshii.jpg","width":430,"height":430,"caption":"A smiling woman with short black hair, wearing a light blue blazer over a white top, is facing the camera against a neutral background."},{"@type":"BreadcrumbList","@id":"http:\/\/oceanpanel.org\/an_cochairs\/naoko-ishii\/#breadcrumb","itemListElement":[{"@type":"ListItem","position":1,"name":"Home","item":"https:\/\/oceanpanel.org\/"},{"@type":"ListItem","position":2,"name":"Naoko Ishii"}]},{"@type":"WebSite","@id":"https:\/\/oceanpanel.org\/zh\/#website","url":"https:\/\/oceanpanel.org\/zh\/","name":"Panel del oc\u00e9ano","description":"Panel de alto nivel para una econom\u00eda oce\u00e1nica sostenible","publisher":{"@id":"https:\/\/oceanpanel.org\/zh\/#organization"},"potentialAction":[{"@type":"SearchAction","target":{"@type":"EntryPoint","urlTemplate":"https:\/\/oceanpanel.org\/zh\/?s={search_term_string}"},"query-input":{"@type":"PropertyValueSpecification","valueRequired":true,"valueName":"search_term_string"}}],"inLanguage":"es-ES"},{"@type":"Organization","@id":"https:\/\/oceanpanel.org\/zh\/#organization","name":"Panel del oc\u00e9ano","url":"https:\/\/oceanpanel.org\/zh\/","logo":{"@type":"ImageObject","inLanguage":"es-ES","@id":"https:\/\/oceanpanel.org\/zh\/#\/schema\/logo\/image\/","url":"https:\/\/oceanpanel.org\/wp-content\/uploads\/2024\/02\/logo-2.svg","contentUrl":"https:\/\/oceanpanel.org\/wp-content\/uploads\/2024\/02\/logo-2.svg","width":278,"height":84,"caption":"Ocean Panel"},"image":{"@id":"https:\/\/oceanpanel.org\/zh\/#\/schema\/logo\/image\/"}}]}},"_links":{"self":[{"href":"https:\/\/oceanpanel.org\/es\/wp-json\/wp\/v2\/an_cochairs\/184","targetHints":{"allow":["GET"]}}],"collection":[{"href":"https:\/\/oceanpanel.org\/es\/wp-json\/wp\/v2\/an_cochairs"}],"about":[{"href":"https:\/\/oceanpanel.org\/es\/wp-json\/wp\/v2\/types\/an_cochairs"}],"wp:featuredmedia":[{"embeddable":true,"href":"https:\/\/oceanpanel.org\/es\/wp-json\/wp\/v2\/media\/185"}],"wp:attachment":[{"href":"https:\/\/oceanpanel.org\/es\/wp-json\/wp\/v2\/media?parent=184"}],"curies":[{"name":"wp","href":"https:\/\/api.w.org\/{rel}","templated":true}]}}

<p>La Dra. Naoko Ishii se unió a la Universidad de Tokio el 1 de agosto de 2020 como profesora, vicepresidenta ejecutiva y directora inaugural del Centro para los Bienes Comunes Globales. Ella dirigirá este centro recientemente establecido con la misión de catalizar el cambio de sistemas para que los humanos puedan lograr un desarrollo sostenible dentro de los límites planetarios. Es necesario movilizar movimientos de múltiples partes interesadas, incluidas empresas, legisladores, ciudades, organizaciones de la sociedad civil y ciudadanos como consumidores e inversores hacia un objetivo compartido de nutrir la administración de Global Commons, que es el sistema terrestre crítico para la supervivencia humana. Su creencia es que la academia puede y debe desempeñar un papel mucho más activo en este esfuerzo.</p>
<p>Antes de unirse a la universidad, se desempeñó como directora ejecutiva y presidenta del FMAM (Fondo para el Medio Ambiente Mundial) de 2012 a 2020. Durante su mandato, formó la primera estrategia a mediano plazo del FMAM, FMAM 2020, con un fuerte enfoque en la transformación de sistemas económicos clave, y entregó dos reabastecimientos exitosos.</p>
<p>Ingresó al Ministerio de Finanzas de Japón en 1981 y trabajó para las oficinas de finanzas, impuestos y finanzas internacionales, y se desempeñó como Viceministra Adjunta de Finanzas de Japón entre 2010 y 2012. También trabajó en el FMI y el Banco Mundial y estuvo asignada en Sri Lanka como Directora de País del Banco Mundial durante 2006-2010.</p>
<p>Actualmente se desempeña como miembro del consejo del Consejo de China para la Cooperación Internacional en Medio Ambiente y Desarrollo, miembro del Consejo de Liderazgo de la Red de Soluciones de Desarrollo Sostenible de las Naciones Unidas, comisionada para el Diálogo Económico de Sistemas Alimentarios, Embajadora de FOLU (Coalición de Alimentos y Uso de la Tierra), miembro de la Junta de PACE (Plataforma para Acelerar la Economía Circular), copresidente de la Red Asesora para el Panel de Alto Nivel para los Océanos, y cofundador y director de Global Commons Alliance.</p>
<p>Ha publicado artículos y libros, dos de los cuales fueron otorgados por Suntory Prize (1990) y Okita Memorial Prize for International Development Research (2004). Obtuvo una licenciatura en economía y un doctorado en desarrollo internacional, ambos de la Universidad de Tokio.</p>
<p><strong>Reloj </strong><a href="https://www.ted.com/talks/naoko_ishii_an_economic_case_for_protecting_the_planet"><strong>Charla TED de Naoko</strong></a><strong> sobre la salvaguardia de los bienes comunes mundiales.</strong></p>
<p><strong>Sigue a Naoko Ishii en Twitter </strong><a href="https://twitter.com/NaokoIshiiTokyo"><strong>@NaokoIshiiTokyo.</strong></a></p>

Panel del océano

Panel de alto nivel para una economía oceánica sostenible
